the prime factors of 1138016902.
2, 11, 51728041
List the prime factors of 1937158188.
2, 3, 7, 23061407
List the prime factors of 261550913.
13, 29, 101, 6869
List the prime factors of 98165635.
5, 19633127
What are the prime factors of 412066349?
17, 491, 49367
List the prime factors of 1292754165.
3, 5, 251, 313, 1097
What are the prime factors of 135518942?
2, 13, 61, 85447
List the prime factors of 654661376.
2, 167, 15313
What are the prime factors of 427168671?
3, 349, 407993
List the prime factors of 35589084.
2, 3, 2965757
What are the prime factors of 147561941?
147561941
List the prime factors of 1140674244.
2, 3, 43, 1283, 1723
List the prime factors of 222189026.
2, 111094513
What are the prime factors of 16155779?
331, 48809
List the prime factors of 159120448.
2, 29, 85733
List the prime factors of 3192624177.
3, 1064208059
List the prime factors of 16582610.
2, 5, 11, 233, 647
List the prime factors of 804360599.
7, 114908657
List the prime factors of 150210622.
2, 75105311
What are the prime factors of 1869924563?
13, 47, 3060433
What are the prime factors of 191334045?
3, 5, 7, 1822229
List the prime factors of 3890679976.
2, 17, 103, 277747
What are the prime factors of 42692017?
773, 55229
List the prime factors of 479262750.
2, 3, 5, 83, 7699
List the prime factors of 850698364.
2, 107, 151, 13163
What are the prime factors of 4173162568?
2, 521645321
List the prime factors of 28772783.
13, 19, 6131
List the prime factors of 272827158.
2, 3, 45471193
List the prime factors of 6047938.
2, 13, 457, 509
List the prime factors of 39340670.
2, 5, 89, 44203
What are the prime factors of 35358095?
5, 7071619
List the prime factors of 75496222.
2, 29, 31, 199, 211
What are the prime factors of 6014967376?
2, 11, 34175951
What are the prime factors of 639655790?
2, 5, 63965579
What are the prime factors of 294812501?
294812501
List the prime factors of 608886278.
2, 7, 11, 13, 43, 643
List the prime factors of 8163725.
5, 326549
List the prime factors of 708735474.
2, 3, 17, 197, 3919
List the prime factors of 145449130.
2, 5, 14544913
List the prime factors of 315699422.
2, 157849711
List the prime factors of 211728358.
2, 109, 757, 1283
List the prime factors of 229775662.
2, 769, 149399
List the prime factors of 1830073301.
7, 261439043
What are the prime factors of 1607420211?
3, 41, 61, 214237
List the prime factors of 130668063.
3, 181, 240641
What are the prime factors of 169321356?
2, 3, 4703371
What are the prime factors of 593663967?
3, 13, 5074051
What are the prime factors of 212333577?
3, 131, 409, 1321
What are the prime factors of 901570606?
2, 23, 61, 321301
What are the prime factors of 8026671016?
2, 7, 13, 11025647
What are the prime factors of 2265266489?
2265266489
What are the prime factors of 15786404?
2, 17, 232153
List the prime factors of 2781783627.
3, 7, 17, 821, 9491
List the prime factors of 27311755.
5, 199, 27449
What are the prime factors of 390690911?
13, 3407, 8821
List the prime factors of 50129897.
1567, 31991
List the prime factors of 174385150.
2, 5, 17, 193, 1063
List the prime factors of 1488618783.
3, 19, 2901791
What are the prime factors of 918422?
2, 19, 24169
List the prime factors of 827538464.
2, 19, 109, 12487
List the prime factors of 269090534.
2, 271, 496477
List the prime factors of 124033040.
2, 5, 1550413
What are the prime factors of 2158328589?
3, 113, 6366751
What are the prime factors of 377147409?
3, 125715803
List the prime factors of 599382296.
2, 163, 459649
What are the prime factors of 361267017?
3, 17, 7083667
What are the prime factors of 1030605139?
193, 1873, 2851
List the prime factors of 3651639895.
5, 941, 776119
What are the prime factors of 56949880?
2, 5, 13, 109519
List the prime factors of 1039154786.
2, 179, 977, 2971
What are the prime factors of 55578189?
3, 23, 233, 3457
List the prime factors of 24814453.
79, 314107
What are the prime factors of 140048438?
2, 47, 337, 4421
List the prime factors of 68116164.
2, 3, 1423, 3989
List the prime factors of 315617666.
2, 7, 13, 509, 3407
What are the prime factors of 39878322?
2, 3, 11, 41, 14737
List the prime factors of 23899589.
7, 3414227
What are the prime factors of 559515761?
7, 487, 23447
What are the prime factors of 146586160?
2, 5, 7, 261761
List the prime factors of 1037387997.
3, 139, 233, 3559
What are the prime factors of 39001192?
2, 23, 127, 1669
What are the prime factors of 221380639?
367, 603217
What are the prime factors of 924585764?
2, 97, 2382953
List the prime factors of 87352387.
7297, 11971
List the prime factors of 1481049300.
2, 3, 5, 4936831
What are the prime factors of 2399653639?
109, 199, 110629
List the prime factors of 29612420.
2, 5, 1480621
List the prime factors of 57088236.
2, 3, 19, 31, 41, 197
List the prime factors of 1731332079.
3, 19, 53, 191033
What are the prime factors of 285240246?
2, 3, 17, 347, 8059
What are the prime factors of 252220319?
13, 19401563
What are the prime factors of 1181860149?
3, 139, 2834197
What are the prime factors of 209826142?
2, 47, 2232193
List the prime factors of 2126628034.
2, 1063314017
List the prime factors of 98533151.
98533151
What are the prime factors of 4348042084?
2, 23, 47261327
List the prime factors of 2506737005.
5, 71, 607, 11633
List the prime factors of 2121331658.
2, 7121, 148949
What are the prime factors of 176881772?
2, 44220443
List the prime factors of 984706489.
13, 293, 258521
List the prime factors of 1865753017.
1865753017
What are the prime factors of 115156606?
2, 17, 19, 178261
List the prime factors of 556395481.
223, 2495047
List the prime factors of 2869710901.
61, 5521, 8521
What are the prime factors of 3769358163?
3, 1256452721
List the prime factors of 11541583.
11541583
What are the prime factors of 3310115109?
3, 7, 157624529
What are the prime factors of 733091701?
733091701
What are the prime factors of 675424534?
2, 337712267
What are the prime factors of 38145390?
2, 3, 5, 1271513
What are the prime factors of 48489211?
48489211
List the prime factors of 3214507241.
11, 2357, 123983
What are the prime factors of 390509436?
2, 3, 59, 283, 1949
What are the prime factors of 119871270?
2, 3, 5, 587, 2269
What are the prime factors of 105396236?
2, 11, 271, 8839
What are the prime factors of 46672875?
3, 5, 13829
What are the prime factors of 2295165910?
2, 5, 31, 241, 991
List the prime factors of 316012641.
3, 7, 15048221
What are the prime factors of 71926520?
2, 5, 23, 37, 2113
What are the prime factors of 354110038?
2, 83, 263, 8111
What are the prime factors of 1446549180?
2, 3, 5, 2659, 9067
List the prime factors of 1183093559.
1183093559
List the prime factors of 6159730.
2, 5, 467, 1319
List the prime factors of 142688710.
2, 5, 47, 303593
What are the prime factors of 213767592?
2, 3, 971, 9173
List the prime factors of 3215519300.
2, 5, 7, 41, 181, 619
List the prime factors of 914699550.
2, 3, 5, 6097997
List the prime factors of 336689889.
3, 112229963
What are the prime factors of 4340016525?
3, 5, 13, 4451299
What are the prime factors of 715364050?
2, 5, 71, 201511
List the prime factors of 65214527.
7, 2749, 3389
List the prime factors of 1175266403.
277, 4242839
What are the prime factors of 99970307?
99970307
List the prime factors of 894515898.
2, 3, 149085983
What are the prime factors of 194521838?
2, 7, 31, 448207
List the prime factors of 1181801015.
5, 41, 73, 157, 503
List the prime factors of 167985361.
71, 131, 18061
What are the prime factors of 96801267?
3, 53, 601, 1013
What are the prime factors of 228259701?
3, 953, 2957
What are the prime factors of 305828310?
2, 3, 5, 37, 275521
List the prime factors of 1353038933.
2803, 482711
What are the prime factors of 1860702135?
3, 5, 124046809
What are the prime factors of 185248929?
3, 61749643
What are the prime factors of 547006464?
2, 3, 59, 503
What are the prime factors of 280157076?
2, 3, 17, 331, 461
List the prime factors of 344067347.
13, 26466719
List the prime factors of 123934797.
3, 7, 233, 8443
List the prime factors of 321524417.
17, 18913201
List the prime factors of 4376337378.
2, 3, 7, 5531, 18839
What are the prime factors of 2096339475?
3, 5, 53, 527381
What are the prime factors of 643779